Let w be (8/(-12))/(1/18). Let f be (-33)/(-18) + (-2)/w. What is the highest common factor of 10 and f?
2
Let z(o) = o**3 + 6*o**2 + 2*o. Let w be z(-4). Suppose -q + 28 = -0*q + 3*l, 2*q - w = 2*l. Calculate the greatest common divisor of q and 16.
16
Let n(r) = r**3 - r**2 + r + 1. Let v be n(2). Calculate the highest common factor of v and 56.
7
Let a be 3/(-6)*(-25 - -3). Calculate the highest common factor of 22 and a.
11
Let i(h) = -h**2 + 3*h + 4. Let b(w) = -2*w**3 - 4*w**2 - 2*w + 1. Let u be b(-2). Let m be i(u). Let d = 8 - m. What is the highest common divisor of 7 and d?
7
Suppose 0 = -4*a + 2*d + 74, 4*a + d - 99 = -2*d. Calculate the highest common factor of a and 14.
7
Let c be (-20)/(-6)*(6 + 0). Let b be (-1)/((1*2)/(-80)). What is the highest common factor of c and b?
20
Suppose 2*g - 2 = -7*v + 3*v, 2*g - 5*v = -16. Let m be (3 - 2) + (g - -134). Calculate the greatest common factor of m and 22.
22
Let n(g) = 2*g - 13. Let j be n(20). Calculate the greatest common factor of j and 18.
9
Let n(m) = -m**2 - 10*m - 17. Let l be n(-5). Calculate the highest common factor of 12 and l.
4
Suppose -3*i - 2*g = -152 - 3, 0 = 3*i - g - 161. Let b be 2/6 + i/3. Calculate the highest common divisor of b and 126.
18
Let f be ((-183)/(-2) - 0) + 42/(-28). What is the greatest common divisor of f and 18?
18
Suppose 125*b - 121*b = 336. Calculate the greatest common divisor of 36 and b.
12
Suppose 5*i + 212 = 8*s - 4*s, -4*i - 208 = -4*s. Calculate the highest common divisor of s and 64.
16
Suppose 0*u = 2*u - 32. Suppose 5*z + 9 = 8*z. Suppose -288 = -5*x + z*x. Calculate the highest common divisor of x and u.
16
Suppose 3*g = 9 + 33. What is the greatest common factor of 21 and g?
7
Let c = 12 - 2. Let m(h) = -2*h + 1. Let n be m(-1). Suppose 4*g = n*g + 40. Calculate the highest common divisor of c and g.
10
Suppose -l = -2 - 3. Let t be 5 - 5 - l*-2. Suppose -s - 1 = -t. What is the greatest common factor of s and 72?
9
Let m be (-115)/(-2) + (-2)/(-4). What is the highest common divisor of m and 29?
29
Let d be 0/((-1)/(3/(-6))). Suppose i + 3*i = d. Suppose 4*c + 0*c - 120 = i. Calculate the greatest common divisor of c and 6.
6
Let q(l) = -l**2 + 2*l - 1. Let s be q(1). Let i(g) = -4*g**3 + 2 + 5*g**3 + 4 + 0 + g**2. Let c be i(s). What is the greatest common divisor of 1 and c?
1
Let a be 16/(-20)*50/(-4). Let u be (-9)/3*a/(-3). What is the highest common divisor of 110 and u?
10
Suppose 5*g + 9 - 39 = 0. Let v be (-3 - 9)*(-4)/g. What is the greatest common factor of 40 and v?
8
Let j be 1*128/4 + -2. What is the highest common divisor of j and 30?
30
Let v = 4 - -1. Let t(l) = -l**2 + 5*l + 5. Let n be t(v). Calculate the greatest common factor of 2 and n.
1
Suppose 0 = -11*f + 1195 + 1874. Calculate the highest common factor of f and 9.
9
Suppose 0 = 5*h + 4*i + 6, 2*h - 2*i - 2 = 5*h. Let t be (9 - 6)/(h + -1). Calculate the greatest common divisor of 33 and t.
3
Suppose -9 + 54 = -5*q. Let z be ((-9)/(-18))/(2/80). Let d = q + z. Calculate the highest common divisor of d and 121.
11
Suppose 5*n = -10, 2*n + 2 = 3*v + 4*n. Calculate the highest common factor of 14 and v.
2
Let m(i) = 3*i**2 + 0 + i + 0 + 8*i**2. Let j be m(-1). What is the highest common divisor of 100 and j?
10
Let i = 27 + 21. Calculate the greatest common divisor of i and 36.
12
Let y = -28 - -50. What is the highest common factor of y and 33?
11
Suppose 5*d - 3*n = -0*n + 563, -4*n - 4 = 0. Let j = 9 - -5. What is the highest common factor of j and d?
14
Suppose 3*r + 24 - 96 = 0. Suppose 0 = 3*i + 2*i - 480. What is the highest common divisor of i and r?
24
Let m = -54 - -82. Suppose -3*d - 120 = d. Let k be -3*4/d*10. Calculate the greatest common factor of k and m.
4
Let n(v) = -v**3 + 5*v**2 + 2. Let s be n(5). Suppose -276 = -s*y - 24. Calculate the greatest common divisor of 14 and y.
14
Let i(t) = t - 1. Let r be i(0). Let c be r/((6 - 3)/(-9)). Calculate the greatest common divisor of c and 3.
3
Suppose 0*f - f = 4*c - 24, -3*c = 4*f - 83. Suppose 0 = 4*a - 0*a - f. Suppose -a*m + 218 + 222 = 0. Calculate the highest common factor of 8 and m.
8
Let l be (4/5)/(46/805). What is the highest common factor of l and 42?
14
Suppose -4*o + 12 = -o, 0 = -4*x + 3*o - 8. Suppose -3*p = u + 2 - x, 5*p = 3*u - 67. Calculate the highest common divisor of 35 and u.
7
Suppose -7 = 3*c - 61. Suppose -2*u - 3*v = -46, -v = -4*u + 3*v + 92. Let s = 32 - u. What is the greatest common divisor of c and s?
9
Suppose -4*f + 6*f - 2 = 0. What is the highest common factor of 3 and f?
1
Let q be 1810/60 - (-1)/(-6). What is the highest common factor of 45 and q?
15
Let r = 20 - 20. Suppose r = -0*h - 2*h + 4. Calculate the highest common factor of 5 and h.
1
Let q(t) = -t**2 - 7*t + 5. Let f be q(-7). Let l = 17 - 16. Calculate the greatest common divisor of l and f.
1
Suppose -3*o = -36 + 3. Let q(u) = u**2 + 60. Let b be q(0). Let g be ((-22)/4)/((-6)/b). Calculate the highest common divisor of o and g.
11
Let a be ((-15)/(-4))/(2/56). Suppose f - a = -2*f. Suppose -4*u + 87 = 59. What is the highest common factor of u and f?
7
Suppose 4*i = 50 + 78. What is the highest common factor of i and 224?
32
Let d(h) = -h**2 + 21*h + 32. Let k be d(21). Calculate the greatest common divisor of k and 160.
32
Let r = -13 + 35. What is the highest common divisor of 66 and r?
22
Let o be 65/(-390) - (1 + 134/(-12)). Suppose -d + 2*d - 70 = 0. What is the greatest common factor of o and d?
10
Let r be (-1 + -71)*(-2)/6. Calculate the greatest common divisor of r and 6.
6
Let j(x) = 3*x**3 + 2*x**2 - 2. Let p be j(2). Suppose -i + 14 = z, 6*z - 78 = -5*i + 9*z. Calculate the highest common divisor of p and i.
15
Let t(s) = -3*s**3 + 4*s**2 - 2*s - 2. Let z be t(2). Let i be (-21)/2*24/z. Suppose 0 = 6*m - 8*m + 4. What is the highest common divisor of m and i?
2
Let p = -134 + 145. What is the greatest common factor of 33 and p?
11
Let r be ((-8)/12 - 0)/(3/(-36)). What is the highest common factor of r and 1?
1
Let f = -9 - -9. Suppose -k - 2*k + 441 = f. Calculate the greatest common divisor of k and 21.
21
Let v(s) be the third derivative of 71*s**5/60 + s**4/24 + 7*s**2. Let j be v(1). What is the greatest common factor of 8 and j?
8
Let c(f) = f**2 + 15*f + 11. Let h be c(-14). Let m be h/2 - 312/(-16). What is the greatest common divisor of 45 and m?
9
Let r(v) = -8*v**3 - 4*v**2 - 6*v - 3. Let m be r(-2). Calculate the highest common factor of 38 and m.
19
Suppose -2*x + 12 + 14 = 0. Calculate the greatest common factor of 13 and x.
13
Suppose 7 = 5*b + 22. Let p be b/12 - (-277)/4. Calculate the highest common factor of 46 and p.
23
Suppose 8*g = 9*g. Suppose -32 = -3*z - 2*c, 3*c = -z - g - 1. Calculate the highest common divisor of z and 14.
14
Suppose -2*z + 79 = -31. Let k = -9 - -15. Let h(v) = -v + 11. Let b be h(k). What is the highest common factor of z and b?
5
Let o be (3/(-2))/((-6)/16). Suppose d - o = 7. Suppose -4*b - 275 = -9*b. Calculate the greatest common factor of d and b.
11
Suppose 0 = v + 39 - 120. What is the greatest common factor of v and 9?
9
Let h = 26 + 0. What is the greatest common divisor of h and 39?
13
Let w(v) = 11*v. Let i be w(1). Let u = -5 - -8. Suppose 4*j - 2*l = 52, -j + 7*l + 27 = u*l. Calculate the greatest common divisor of i and j.
11
Suppose 15 = 3*v, 0 = 3*x - 0*v - 2*v - 44. What is the highest common factor of x and 144?
18
Let j be 620/(-50)*5*-1. What is the greatest common factor of 31 and j?
31
Let k = 269 - 181. Calculate the highest common divisor of k and 8.
8
Let f(u) = -23*u + 14. Let o be -6 - (-1 - (-6 + 3)). Let v be f(o). Calculate the highest common divisor of v and 18.
18
Suppose -4*r = -2*c + 18, 3*r = c + 2*r - 8. Let z = 1 - -4. Suppose 0 = -z*g - 1 + 246. What is the greatest common divisor of g and c?
7
Let j be (-1)/1 - (-4 - -3). Suppose -d + 2*c = -22, -5*d + c + 0*c + 119 = j. Calculate the greatest common divisor of d and 120.
24
Let f(h) = 3*h**2 + 4*h + 1. Let s be f(8). Suppose s = 4*l + l. Calculate the greatest common factor of l and 9.
9
Let j(m) = 1 - 6 + 0 + 4*m - 1. Let s be j(5). Let u = -97 - -195. Calculate the greatest common factor of s and u.
14
Let n = 22 - 12. What is the greatest c